n**2 + 7*n + 11. Let q be c(7). Let f = q + 4. List the prime factors of f.
2
Let w be (0 + -1 - -1)/(-1). Suppose 2*i = 4*r + 284, 4*i - 568 = 6*r - 7*r. Suppose w = -5*k + 23 + i. What are the prime factors of k?
3, 11
Let j = 1980 - 1295. What are the prime factors of j?
5, 137
Suppose 2*i - 1588 = -4*q, 15*q + 782 = i + 20*q. List the prime factors of i.
2, 401
Suppose -592 = -2*f - 4*o - 220, 0 = -4*f + 2*o + 714. Let v = f + 29. List the prime factors of v.
11, 19
Let b = 9 + -7. Suppose -b*w = -h + 2, -5*h + 5*w = -8*h + 6. What are the prime factors of h?
2
Let t be (1 + 3/(-9))*4068/6. Suppose 3*s + 127 - 805 = -3*y, 0 = -2*s - 5*y + t. What are the prime factors of s?
2, 113
Let b = 1949 - 1786. What are the prime factors of b?
163
Let h(f) = f**2 - 13*f - 28. Let t be h(17). Suppose -59 = -j + n - 19, -3*n = -j + t. List the prime factors of j.
2, 5
Suppose 84 = -3*b + 3*m, -2*b + 4*b - 4*m = -52. List the prime factors of 2/(-3) + (-680)/b.
2, 11
Suppose 582 = 8*b - 1586. List the prime factors of (-15)/(-30)*2*b.
271
Let g = 109 + -36. Suppose -o + 230 = g. List the prime factors of o.
157
Let d(n) = 6*n**3 + 7*n**2 - 12*n + 2. What are the prime factors of d(2)?
2, 3
Suppose 2 + 18 = 4*q. Let y = q - 1. Suppose 0 = -y*d, a + a - 2*d - 8 = 0. What are the prime factors of a?
2
Suppose 205 = 5*y - 50. Suppose -y - 201 = -4*a. What are the prime factors of a?
3, 7
Let u(m) = 4*m**3 - 3*m**2 + 3*m + 12. Let t(d) = d**3 - d. Let h(l) = -3*t(l) + u(l). What are the prime factors of h(5)?
2, 23
Suppose -3*b + 6*b = 663. What are the prime factors of 4/34 + 22295/b?
101
Let r(v) = -v**2 + 9*v + 1. Let d be r(5). Let u = d - -10. List the prime factors of u.
31
Let m(z) = -6*z**2 + 5*z + 4. Let n(u) = u**3 - u + 1. Suppose 13 = i - 3*d, 0*i - 3*i - 1 = d. Let r(s) = i*m(s) + n(s). List the prime factors of r(6).
29
Let b = -1327 - 1023. What are the prime factors of (-2)/(-3) + b/(-30)?
79
Let s = -64 + 72. Suppose 11*t - 189 = s*t. What are the prime factors of t?
3, 7
Let p(z) = 3*z - 5. Let w be p(3). Let f be w/22 + (-303)/33. Let g = 1 - f. What are the prime factors of g?
2, 5
Let w be (-4)/6 - (-34)/6. Suppose 2*c = -6*c + 40. Suppose -u + 3 = w*t, 2*t - 6*t = -c*u + 131. What are the prime factors of u?
23
Let w = 3013 + -1298. What are the prime factors of w?
5, 7
Let v be 5/(-30) + 7/6. Let j be (12/(-8) + v)*-2. List the prime factors of (-258)/(-24) + j/4.
11
Let d be (-24)/(-2) - 2/(-1). Suppose -c = -4*l + 15 + 25, -2*l - c + d = 0. Suppose 2*f = -2*u + 24, 0 = -2*f + 3*u + l + 30. List the prime factors of f.
3, 5
Let d = 1080 + -485. Suppose -19*g = -26*g + d. What are the prime factors of g?
5, 17
Suppose 6*i = 7*i - 6. Suppose 3*c = i + 144. Suppose -3*m = -c - 85. What are the prime factors of m?
3, 5
Let o(q) = q**2 + 11*q + 7. Let n be o(-11). Suppose -8*p + n*p + 98 = 0. What are the prime factors of p?
2, 7
Let r be -30*(-3 + (-19)/(-3) + 1). Let q = r - -244. What are the prime factors of q?
2, 3, 19
Suppose 0 = -5*r - 4*v + 1337, 5*v - 280 = 3*r - 4*r. What are the prime factors of r?
5, 53
Let f be ((-14)/(-21))/(2/156). Let u = 79 - f. List the prime factors of u.
3
Let n(j) = 3*j**3 + j**2 - j + 1. Let w be n(2). Suppose 34 = -2*x + 12. Let o = w + x. List the prime factors of o.
2
Let h(u) = -u**3 - 16*u + 12. Let j be h(-8). Suppose -4*p + y + 2*y = -j, 326 = 2*p + 5*y. What are the prime factors of p?
163
Suppose 3*z = -a + 32, -4*a - 29 = -z - 92. Let w = a + 47. List the prime factors of w.
2
List the prime factors of (58/(-4))/((52/(-112))/13).
2, 7, 29
Let j(n) = 2*n + 26. Let i be j(-12). Let p be 1*2/1 - -1. What are the prime factors of 71/p + i/6?
2, 3
Suppose 9*p = 652 + 941. What are the prime factors of p?
3, 59
Let m = 2 + 3. Suppose -4*c = -12, m*z - 480 = c + 102. List the prime factors of z.
3, 13
Let h(r) = r**3 - 8*r**2 + 11*r - 4. Let s be h(5). What are the prime factors of ((-36)/s)/(3/22)?
11
Suppose 3*v = 8*v - 60. Let j = v + -15. What are the prime factors of (4/j)/((-5)/90)?
2, 3
Suppose 0*c = -2*c - 4. Let t be 3/c*32/12. Let w = t - -77. List the prime factors of w.
73
What are the prime factors of 3/9*37077/17?
727
Let i(n) = -n**2 - 6*n - 5. Let z be i(-2). Suppose z*d = 3*r - 303, d - 2*d + 3*r = 101. Let a = d + 151. List the prime factors of a.
2, 5
Suppose 2*m + m = 12. What are the prime factors of m*(36/32 + -1)*142?
71
Let q be -164*4/(-8) + 0. Let h = -46 + q. List the prime factors of h.
2, 3
Suppose 5*i + 2*a - 1040 = -3*a, -i + 5*a + 214 = 0. Let m = 301 - i. What are the prime factors of m?
2, 23
Let r(y) = 22*y**2 - 26*y + 56. List the prime factors of r(8).
2, 157
Suppose -a + 4 = 4*q, -4*a + 5*a + 14 = 2*q. Let d(p) = p**2 - 7*p - 6. Let f be d(-3). Let c = f - a. List the prime factors of c.
2
Suppose -4*v = -0*q - q + 64, 3*v - 172 = -2*q. Let u be -16*(9 + (-261)/18). Suppose 4*a = u + q. What are the prime factors of a?
2, 3, 7
Let a(b) = b - 22. Let z(h) = h - 1. Let o(r) = -a(r) + 3*z(r). List the prime factors of o(16).
3, 17
Let x(r) = r. Let s(w) = -w**2 - 18*w + 24. Let k(d) = s(d) + x(d). What are the prime factors of k(-13)?
2, 19
Let a(v) be the third derivative of v**5/15 - 11*v**4/12 + v**3/6 + 11*v**2. List the prime factors of a(9).
127
Let s be 1/(-4) + (-1)/(-4). Suppose -2*d = -3*o - 57, s*d = -4*d - 5*o + 125. Let n = -21 + d. List the prime factors of n.
3
List the prime factors of 1*(-6)/27 - (-101962)/126.
809
Let i(x) = x + 2. Let t be i(-6). Let m = t - -7. Suppose m*g + 0*g = 30. What are the prime factors of g?
2, 5
Suppose 2*z + 2*z + 4*a - 652 = 0, 0 = z - 3*a - 147. List the prime factors of z.
3, 53
Let r = 20 + -17. Suppose -4*x = 2*q, 1 = -r*q + 5*x + 12. List the prime factors of q.
2
Suppose 0 - 10 = -t + 2*y, 5*y + 15 = 0. Suppose 5*g = -7*m + t*m + 143, -m + 4*g + 25 = 0. List the prime factors of m.
41
Let v(q) = 3*q**2 - 11*q + 3 + 8*q - 4*q**2. List the prime factors of v(-3).
3
Let v be (-23058)/297 - 8/22. Let p(r) = -24*r + 3. Let c be p(2). Let b = c - v. What are the prime factors of b?
3, 11
Let s be -2*(-5)/20*0. List the prime factors of -1 + s - (-12 - 54).
5, 13
List the prime factors of -38*(-6)/(-4)*(-2)/6.
19
Suppose -z = -2*x - 6, -5*z - 5*x - 14 = 1. What are the prime factors of z + 2 + (56 - -5)?
3, 7
Let c(i) = 77*i**2 - 2*i - 1. Let m be c(-1). Suppose 2*j = -p + 101, -2*p = 2*j - 126 - m. Let v = p - 69. List the prime factors of v.
2, 17
Let l be 155/20 + (-2)/(-8). Let d be l/6*(2 + 1). Suppose -2*i = -0*x + x - 28, -3*x = -d*i + 56. List the prime factors of i.
2, 7
Let i = 3967 - 2019. List the prime factors of i.
2, 487
Suppose 8 = -3*q + 26. Suppose 270 = 3*j - q*j. List the prime factors of j/4*2/(-3).
3, 5
Let p(f) = 444*f - 1119. What are the prime factors of p(6)?
3, 5, 103
Let d(t) be the third derivative of -5*t**4/24 + 7*t**3/6 - 4*t**2. Let r be d(12). Let b = r + 74. What are the prime factors of b?
3, 7
Suppose 0 = 4*a - 2*a. Let n be (a - -55)*88/55. Suppose 3*x + 25 - n = 0. What are the prime factors of x?
3, 7
Suppose 4*t - 310 - 326 = 0. What are the prime factors of t?
3, 53
Suppose -o + 20 = -4. Suppose -2*k - k = -o. Suppose i - 11 = -k*c + 3*c, -i - 2*c = -11. List the prime factors of i.
11
Suppose -8*z + 0*z - 392 = 0. Let j = 34 - z. What are the prime factors of j?
83
Suppose l = 2*n - 5, 4*l + 10 = 5*n + l. Suppose -1 = -4*a - n*y + 1, -5*y = 10. What are the prime factors of (-5 + a - -3)*3?
3
Suppose -f + n - 132 + 3877 = 0, -14980 = -4*f - 5*n. What are the prime factors of f?
5, 7, 107
Let n be 1/(28/8 + -3). Suppose -n*c = 2*c. Suppose 8*o - 5*o - 129 = c. List the prime factors of o.
43
Suppose 5*q - 4 = 7*q. Let b be 3 - (q + -1 + 6). Suppose j = -b*j + 4*c + 11, -5*j - c + 139 = 0. What are the prime factors of j?
3
Suppose -2*a + 4*f + 30 = 0, -2*a + 4*a = -4*f - 10. Suppose 4*y + a + 23 = 0. Let i = y + 13. List the prime factors of i.
2, 3
Let d(u) = u**3 + u**2 - 85. Let x be d(0). Let z = x - -142. What are the prime factors of z?
3, 19
Suppose 12882 = 11*i - 11956. What are the prime factors of i?
2, 1129
Let l(r) = 2*r. Let o be l(0). What are the prime factors of (170 - -3) + (o - 0)?
173
Let o(i) = i**3 + 11*i**2 + 16. Let g be o(-11). Suppose 6 = -5*q +